 3
Let c be (-36)/(-3)*(-10)/(-8). Let f be (-106)/(-10) - (-6)/c. Suppose 64 = 3*k - f. List the prime factors of k.
5
Let f = 3259 + -1954. What are the prime factors of f?
3, 5, 29
Suppose 2*g - 1075 + 289 = 0. List the prime factors of g.
3, 131
What are the prime factors of 686 + -10 + 3/((-3)/(-2))?
2, 3, 113
Let y = 45 + -30. Let v be 952/40 + 3/y. List the prime factors of v/(-20)*(-220)/6.
2, 11
Suppose 2*q - 473 = -l, 3*l + 233 = -q + 2*q. Suppose 2*c + 10*h - q = 8*h, c = 4*h + 128. What are the prime factors of c?
2, 3, 5
Let g(r) be the second derivative of -5/2*r**3 + 0 + 10*r**2 + 3*r + 1/12*r**4. List the prime factors of g(14).
2, 3
List the prime factors of 152660/100 + (-15)/25.
2, 7, 109
Let q be (3/6)/(1/12). Let f = q + 23. What are the prime factors of f?
29
Suppose -l = -3*x - 4, 6*x = -2*l + x + 63. Let g = -9 + l. List the prime factors of g.
2, 5
Suppose 4*w - v = 1429 + 415, 0 = 5*w + v - 2305. Let n = -329 + w. What are the prime factors of n?
2, 3, 11
Let p = 1 + 4. Suppose a = 3*a - 3*b + 50, -125 = p*a - b. Let g = -5 - a. What are the prime factors of g?
2, 5
Let n(i) = 5*i**2 + 4*i + 4. Let v be n(-2). Suppose -2*r + 6 + v = -4*z, 5*r = -4*z + 69. List the prime factors of r.
13
List the prime factors of (-2 - -367)*(11 + -10) + -2.
3, 11
What are the prime factors of ((-10879)/92)/(5/(-20))?
11, 43
Suppose i = 47 + 24. Suppose 2*h - i = 97. Suppose -6*d + 3*d + h = 0. What are the prime factors of d?
2, 7
Let v(s) = -s**3 - s**2 + s - 127. Let z be v(0). Let n(u) = 179*u**3 + 2*u**2 - u - 1. Let j be n(1). Let a = j + z. What are the prime factors of a?
2, 13
Let r(s) = s**2 + 5*s - 22. Suppose 0 = -3*f - 9 + 3, 0 = x + 3*f + 4. Suppose 0 = 5*k + 2*u - 29, -u + 3 = x*k - 8. List the prime factors of r(k).
2, 31
Suppose 5*g - 7*g + 557 = -5*o, o + 577 = 2*g. What are the prime factors of g?
3, 97
Let u be 2/(-4) + 93/6. Suppose -2*j = j - u. What are the prime factors of j?
5
Let i(m) = 37*m + 600. List the prime factors of i(26).
2, 11, 71
Let c = -190 + 534. Let t = c + -181. What are the prime factors of t?
163
What are the prime factors of (-298 - 57)/(1/(-7))?
5, 7, 71
Let d = 60 - 98. Let l = d - -8. List the prime factors of 2/5 - 1278/l.
43
Suppose -39*s - 9108 = -51*s. List the prime factors of s.
3, 11, 23
Let o be (10 - -24)/((-2)/2). Let h = o - -18. What are the prime factors of (22/4)/((-8)/h)?
11
Suppose 4*r = 28 - 48. Let f(t) = 5*t**2 + 6*t + 2. Let i(c) = 2*c**2 + 2*c + 1. Let g(z) = -3*f(z) + 8*i(z). What are the prime factors of g(r)?
37
Let w = -11 - -15. Let z be w - -12 - (0 + 0). Let a = z + 40. What are the prime factors of a?
2, 7
Let g(d) = -4*d**2 - 15*d + 11. Let x be g(-9). Let s = -51 - x. What are the prime factors of s?
127
Let y = -597 + 1211. List the prime factors of y.
2, 307
Let z = -4 - 0. Let g(d) = d. Let u be g(z). List the prime factors of u/6*57/(-2).
19
Let b = 1321 - 840. What are the prime factors of b?
13, 37
Let s = -15 + 14. Let g be -1 + (-71 - 1) + s. Let i = g - -109. List the prime factors of i.
5, 7
Suppose 52 + 336 = r + 2*o, 5*r - 1975 = -3*o. What are the prime factors of r?
2, 199
Let x = 268 + 143. List the prime factors of x.
3, 137
Suppose -2*g = 4*w - 3174, 5*w - g - 3154 = 810. What are the prime factors of w?
13, 61
Suppose -95*s + 82*s + 35867 = 0. What are the prime factors of s?
31, 89
Let g = -40 - -16. Let v = g - -32. What are the prime factors of v?
2
List the prime factors of (-1 - 3711/(-3)) + -6.
2, 3, 5, 41
Suppose 3*j + 2*p = 7846, -30*j + 32*j - 5244 = -4*p. What are the prime factors of j?
2, 653
Let p be (1*(-3 + -2))/(-1). Let r(z) be the first derivative of z**4/4 - 2*z**3 + 3*z**2 + 7*z + 3. List the prime factors of r(p).
2, 3
Let h(s) = -s**3 - 2*s**2 - 5*s - 3. Let a be h(-5). Let n = a - 22. Suppose -x - 2*x = -n. What are the prime factors of x?
5
Let r(m) = -m**2 + 23*m + 29. What are the prime factors of r(19)?
3, 5, 7
Let f(l) = -774*l - 458. List the prime factors of f(-4).
2, 1319
List the prime factors of 15/(-9)*-549 - -10.
5, 37
Suppose 10*q - 20 = 5*q. Let w(o) = 7*o - 16*o + q*o**3 + 6*o**2 - 3*o**3 - 5. List the prime factors of w(-7).
3
Let f(u) = 48*u + 39. What are the prime factors of f(6)?
3, 109
Let v(n) be the third derivative of n**6/720 + n**5/20 + n**4/24 + 5*n**2. Let t(x) be the second derivative of v(x). What are the prime factors of t(6)?
2, 3
Suppose -q + 24 + 83 = -4*d, d + 101 = q. Suppose 6*h - 105 = q. List the prime factors of h.
2, 17
Suppose z - 1146 = -5*q, 10*q - 14*q - 4*z + 920 = 0. List the prime factors of q.
229
Let d(u) be the first derivative of u**3/6 + u**2 - u - 4. Let p(n) be the first derivative of d(n). What are the prime factors of p(11)?
13
Let t(g) = 2*g**3 - 7*g**2 - 11. Let f(r) = r**2 - 11*r + 5. Let m be f(11). List the prime factors of t(m).
2
Let d be ((-68)/(-16))/(2/40). Suppose -k = 18 - d. List the prime factors of k.
67
What are the prime factors of -33 - -43 - (1 - 1767)?
2, 3, 37
List the prime factors of 6/(-144)*-6 + 4143/4.
2, 7, 37
Let p(c) = 16*c**2 - 18*c + 85. Let m(z) = -11*z**2 + 12*z - 57. Let h(t) = 7*m(t) + 5*p(t). List the prime factors of h(6).
2, 7
Let z be ((-12)/(-10))/(6/(984 - -6)). Let u = z - 117. What are the prime factors of u?
3
Let f(h) = -3*h**2 - 83*h**3 + 3 - 7*h + 84*h**3 + 2*h**2. What are the prime factors of f(5)?
2, 17
Let o(r) = -r**2 + 10*r + 6. Suppose z - 52 = -5*f, 0*z = -f + 2*z + 6. Let m be o(f). Let p(s) = s**2 - 2*s - 2. What are the prime factors of p(m)?
2, 11
Let z = -44 + -30. Let u = z + 141. List the prime factors of u.
67
Let l(f) = -f + 5. Let u be l(9). Let g(q) = -43*q - 7. Let r be g(u). Suppose 0 = 3*a - 8*a + r. List the prime factors of a.
3, 11
Let d(s) = -s**3 - 8*s**2 - s - 3. Let r be d(-8). Suppose -r*n + 3*q = -0*n - 17, 4*n - 17 = -q. What are the prime factors of n?
2
Let v be (-3 - -3 - 1)*0. Let c(s) = -3*s + 10 - 2 + s**3 + 4*s**2 - 5 + v*s**3. List the prime factors of c(-4).
3, 5
Suppose w - 65 = 2*g - 5*g, 3*w = -3*g + 201. What are the prime factors of (w/6)/(12/90)?
5, 17
Let o = 542 - -1286. What are the prime factors of o?
2, 457
List the prime factors of 28928/96*(-30)/(-8).
2, 5, 113
Suppose 3*p - 40 = -k, -3*k + 8*p = 3*p - 92. Suppose 2*u + 3*v - 21 = -0, 0 = 3*u + 4*v - k. List the prime factors of u.
2, 3
Let a(s) = 3*s**2 - 20*s + 53. List the prime factors of a(30).
2153
Let z = 181 + -129. Let u = z - -25. List the prime factors of u.
7, 11
What are the prime factors of (1458/(-4))/9*(-152)/3?
2, 3, 19
Suppose 4*l - 3*u - 11 - 24 = 0, 5 = -2*l - 3*u. Let g(z) = -18*z + 4 + 0 + 37*z - 15*z. What are the prime factors of g(l)?
2, 3
Suppose -4487 - 418 = -5*r. What are the prime factors of r?
3, 109
Let o be 4 + 38 - (-5 - -2). Let g be 299/5 - (-9)/o. Suppose 2*q + 2*z + g = 6*q, 0 = -5*z. What are the prime factors of q?
3, 5
Suppose 455 = -13*h + 8*h. Let i be (-2)/4*(7 - 269). Let c = i + h. List the prime factors of c.
2, 5
Let l be (-3 - -4)/(5/15). Suppose -4*v = -l*v - 92. What are the prime factors of v?
2, 23
Let u(g) = -5*g**2 - g + 4. Let m be u(-3). Let a = -248 - -167. Let s = m - a. List the prime factors of s.
43
Suppose 3*n = 4*j + 20, 5*j + 4 = -2*n - 21. Suppose 12*h - 965 - 1555 = n. List the prime factors of h.
2, 3, 5, 7
Suppose 6*k = -0*k - 282. Let o = k + 177. What are the prime factors of o?
2, 5, 13
Let y = -1760 + 4019. What are the prime factors of y?
3, 251
Let w(c) = -7*c + 45. Let h be 3 + 20/(5 - 7). List the prime factors of w(h).
2, 47
Let y(t) = -4*t**3 + t**2 + 6*t - 1. What are the prime factors of y(-6)?
863
Suppose 2*l + 165 = -2*w + 1225, 0 = -4*w + 6*l + 2070. What are the prime factors of w?
3, 5, 7
Suppose 48*b + 3474 = 57*b. What are the prime factors of b?
2, 193
Suppose 5*y - 141 = -b, 3*b = 3*y + y - 128. Let z = y - 51. What are the prime factors of 33/z + (-69)/(-2)?
3, 11
Suppose -6*u + 3*u + 9 = 0. Let c be (-48)/(-10) + u/15. Let d = 11 + c. What are the prime factors of d?
2
Suppose -4*x = -4*b + 1560, 2*x - 402 = -b - 0*x. List the prime factors of b.
2, 197
Let m = -4 + 6. Suppose m*p + 2*c - 16 = 202, 2*p - 213 = 3*c. Suppose 5*o - p = o. List the prime factors of o.
3
Suppose -2*y - 10 = 0, 0*v + 55 = 3*v - 5*y. Suppose